{"id":349,"date":"2025-07-06T14:00:22","date_gmt":"2025-07-06T14:00:22","guid":{"rendered":"https:\/\/kastelaadventures.com\/?page_id=349"},"modified":"2026-04-12T21:01:12","modified_gmt":"2026-04-12T21:01:12","slug":"attractions-in-split-trogir-and-kastela-rent-a-sup","status":"publish","type":"page","link":"https:\/\/kastelaadventures.com\/?page_id=349","title":{"rendered":"Attractions in Split, Trogir and Ka\u0161tela! Rent a SUP!"},"content":{"rendered":"\n<div class=\"wp-block-uagb-image uagb-block-58081316 wp-block-uagb-image--layout-default wp-block-uagb-image--effect-static wp-block-uagb-image--align-none\"><figure class=\"wp-block-uagb-image__figure\"><img loading=\"lazy\" decoding=\"async\" srcset=\"https:\/\/kastelaadventures.com\/wp-content\/uploads\/2025\/07\/IMG_0747-609x1024.jpg ,https:\/\/kastelaadventures.com\/wp-content\/uploads\/2025\/07\/IMG_0747.jpg 780w, https:\/\/kastelaadventures.com\/wp-content\/uploads\/2025\/07\/IMG_0747.jpg 360w\" sizes=\"auto, (max-width: 480px) 150px\" src=\"https:\/\/kastelaadventures.com\/wp-content\/uploads\/2025\/07\/IMG_0747-609x1024.jpg\" alt=\"surfboard rental in kastela\" class=\"uag-image-360\" width=\"781\" height=\"1024\" title=\"sup board ka\u0161tela sunset\" loading=\"lazy\" role=\"img\"\/><\/figure><\/div>\n\n\n\n<div class=\"wp-block-uagb-advanced-heading uagb-block-479097aa\"><h2 class=\"uagb-heading-text\">Free delivery to any beach or accommodation in Ka\u0161tela!<\/h2><\/div>\n\n\n\n<div class=\"wp-block-uagb-image uagb-block-6cf28757 wp-block-uagb-image--layout-default wp-block-uagb-image--effect-static wp-block-uagb-image--align-none\"><figure class=\"wp-block-uagb-image__figure\"><img loading=\"lazy\" decoding=\"async\" srcset=\"https:\/\/kastelaadventures.com\/wp-content\/uploads\/2025\/07\/IMG_0842-615x1024.jpg ,https:\/\/kastelaadventures.com\/wp-content\/uploads\/2025\/07\/IMG_0842.jpg 780w, https:\/\/kastelaadventures.com\/wp-content\/uploads\/2025\/07\/IMG_0842.jpg 360w\" sizes=\"auto, (max-width: 480px) 150px\" src=\"https:\/\/kastelaadventures.com\/wp-content\/uploads\/2025\/07\/IMG_0842-615x1024.jpg\" alt=\"paddle board kastela tours\" class=\"uag-image-363\" width=\"615\" height=\"1024\" title=\"paddle ka\u0161tela\" loading=\"lazy\" role=\"img\"\/><\/figure><\/div>\n\n\n\n<h3 class=\"wp-block-heading\"> <strong>Trogir Croatie with SUP or Paddle the Ka\u0161tela Coast!<\/strong><\/h3>\n\n\n\n<p>Experience Trogir and Ka\u0161tela from a new perspective \u2014 stand-up paddleboarding along the calm, crystal-clear waters of the Adriatic. Paddle past historic <strong>seaside castles<\/strong>, peaceful coves, and sunny beaches.<\/p>\n\n\n\n<h3 class=\"wp-block-heading\">\ud83c\udfc4\u200d\u2642\ufe0f <strong>SUP Board Rental Prices<\/strong><\/h3>\n\n\n\n<ul class=\"wp-block-list\">\n<li><strong>\u20ac8 \/ hour<\/strong><\/li>\n\n\n\n<li><strong>\u20ac20 \/ half day<\/strong> (up to 6 hours)<\/li>\n\n\n\n<li><strong>\u20ac27 \/ full day<\/strong><\/li>\n<\/ul>\n\n\n\n<p>\u2705 Includes paddle, life vest(optional) &amp; waterproof bag<\/p>\n\n\n\n<p>\u2705 Quick intro &amp; local route tips<\/p>\n\n\n\n<p>\u2705 One side paddle, or two side paddle, as you wish or both<\/p>\n\n\n\n<p>\u2705 Perfect for families, couples &amp; solo travelers<\/p>\n\n\n<div style=\"margin: 30px 0 30px;\"><a target=\"_blank\" href=\"https:\/\/api.whatsapp.com\/send?phone=+385976478934\" class=\"wa__button wa__r_button wa__stt_online wa__btn_w_icon\" style=\"background-color: #2DB742; color: #fff\" rel=\"noopener\"><div class=\"wa__btn_icon\"><img decoding=\"async\" src=\"https:\/\/kastelaadventures.com\/wp-content\/plugins\/wp-whatsapp\/assets\/img\/whatsapp_logo.svg\" alt=\"img\"\/><\/div><div class=\"wa__btn_txt\"><div class=\"wa__cs_info\"><div class=\"wa__cs_name\" style=\"color: #fff\">Ka\u0161tela Adventures<\/div><div class=\"wa__cs_status\">Online<\/div><\/div><div class=\"wa__btn_title\">  Get in Touch!<\/div><\/div><\/a><\/div>\n\n\n<h2 class=\"wp-block-heading\">Attractions Paddleboarding Rika Pantan<\/h2>\n\n\n\n<div class=\"wp-block-uagb-image uagb-block-8e2dfb71 wp-block-uagb-image--layout-default wp-block-uagb-image--effect-static wp-block-uagb-image--align-none\"><figure class=\"wp-block-uagb-image__figure\"><img loading=\"lazy\" decoding=\"async\" srcset=\"https:\/\/kastelaadventures.com\/wp-content\/uploads\/2025\/07\/IMG_0803-1024x768.jpg ,https:\/\/kastelaadventures.com\/wp-content\/uploads\/2025\/07\/IMG_0803-scaled.jpg 780w, https:\/\/kastelaadventures.com\/wp-content\/uploads\/2025\/07\/IMG_0803-scaled.jpg 360w\" sizes=\"auto, (max-width: 480px) 150px\" src=\"https:\/\/kastelaadventures.com\/wp-content\/uploads\/2025\/07\/IMG_0803-1024x768.jpg\" alt=\"a kayak on a river\" class=\"uag-image-351\" width=\"1024\" height=\"768\" title=\"pantana river tour sup board\" loading=\"lazy\" role=\"img\"\/><\/figure><\/div>\n\n\n\n<p>Kastela Adventures <strong>SUP boards<\/strong> are perfect attractions for beginners and experienced paddlers alike. Whether you&#8217;re looking for adventure or relaxation, this is the best way to enjoy the beauty of Dalmatia from the sea.<\/p>\n\n\n\n<p><strong>Check out Pantana River Tour on this link :<\/strong> <a href=\"https:\/\/share.google\/FbKHl0UVrluCTLzgd\" target=\"_blank\" rel=\"noopener\">https:\/\/share.google\/FbKHl0UVrluCTLzgd<\/a><\/p>\n\n\n\n<p>Click below to see the offer! <\/p>\n\n\n\n<h2 class=\"wp-block-heading\"><a href=\"https:\/\/kastelaadventures.com\/?page_id=275\" data-type=\"link\" data-id=\"https:\/\/kastelaadventures.com\/?page_id=275\">Pantan River Tour near Trogir<\/a><\/h2>\n\n\n\n<h2 class=\"wp-block-heading\">E-Bike &amp; SUP Board Combo rentals<\/h2>\n\n\n\n<h3 class=\"wp-block-heading\">Discover Local area by Land &amp; Sea<\/h3>\n\n\n\n<p>Make the most of your day by exploring both the sea and the land!<\/p>\n\n\n\n<h4 class=\"wp-block-heading\">\ud83d\udd04 <strong>Combo Packages: SUP + Bike or E-Bike<\/strong><\/h4>\n\n\n\n<ul class=\"wp-block-list\">\n<li><strong>SUP + MTB Regular bike (1 day rent)<\/strong> \u2013 <strong>\u20ac40<\/strong><\/li>\n\n\n\n<li><strong>SUP + E-Bike (1 Day Rent) \u2013 \u20ac55<\/strong><\/li>\n<\/ul>\n\n\n\n<p>Enjoy a scenic paddle, then ride through coastal villages, visit castles, or relax on your favorite beach \u2014 all in one day and only with Ka\u0161tela Adventures!<\/p>\n\n\n\n<h3 class=\"wp-block-heading\"><a href=\"https:\/\/kastelaadventures.com\/?page_id=24\" data-type=\"link\" data-id=\"https:\/\/kastelaadventures.com\/?page_id=24\">We offer free delivery of SUP boards and bikes to any beach or accommodation within Ka\u0161tela \u2013 hassle-free and right where you need it!<\/a><\/h3>\n\n\n\n<p><\/p>\n","protected":false},"excerpt":{"rendered":"<p>Free delivery to any beach or accommodation in Ka\u0161tela! Trogir Croatie with SUP or Paddle the Ka\u0161tela Coast! Experience Trogir and Ka\u0161tela from a new perspective \u2014 stand-up paddleboarding along the calm, crystal-clear waters of the Adriatic. Paddle past historic seaside castles, peaceful coves, and sunny beaches. \ud83c\udfc4\u200d\u2642\ufe0f SUP Board Rental Prices \u2705 Includes paddle, [&hellip;]<\/p>\n","protected":false},"author":1,"featured_media":0,"parent":0,"menu_order":0,"comment_status":"closed","ping_status":"closed","template":"","meta":{"_uag_custom_page_level_css":"","_themeisle_gutenberg_block_has_review":false,"footnotes":""},"class_list":["post-349","page","type-page","status-publish","hentry"],"aioseo_notices":[],"uagb_featured_image_src":{"full":false,"thumbnail":false,"medium":false,"medium_large":false,"large":false,"1536x1536":false,"2048x2048":false,"woocommerce_thumbnail":false,"woocommerce_single":false,"woocommerce_gallery_thumbnail":false},"uagb_author_info":{"display_name":"majic.vibes@gmail.com","author_link":"https:\/\/kastelaadventures.com\/author\/majic-vibesgmail-com"},"uagb_comment_info":0,"uagb_excerpt":"Free delivery to any beach or accommodation in Ka\u0161tela! Trogir Croatie with SUP or Paddle the Ka\u0161tela Coast! Experience Trogir and Ka\u0161tela from a new perspective \u2014 stand-up paddleboarding along the calm, crystal-clear waters of the Adriatic. Paddle past historic seaside castles, peaceful coves, and sunny beaches. \ud83c\udfc4\u200d\u2642\ufe0f SUP Board Rental Prices \u2705 Includes paddle,&hellip;","_links":{"self":[{"href":"https:\/\/kastelaadventures.com\/index.php?rest_route=\/wp\/v2\/pages\/349","targetHints":{"allow":["GET"]}}],"collection":[{"href":"https:\/\/kastelaadventures.com\/index.php?rest_route=\/wp\/v2\/pages"}],"about":[{"href":"https:\/\/kastelaadventures.com\/index.php?rest_route=\/wp\/v2\/types\/page"}],"author":[{"embeddable":true,"href":"https:\/\/kastelaadventures.com\/index.php?rest_route=\/wp\/v2\/users\/1"}],"replies":[{"embeddable":true,"href":"https:\/\/kastelaadventures.com\/index.php?rest_route=%2Fwp%2Fv2%2Fcomments&post=349"}],"version-history":[{"count":18,"href":"https:\/\/kastelaadventures.com\/index.php?rest_route=\/wp\/v2\/pages\/349\/revisions"}],"predecessor-version":[{"id":452,"href":"https:\/\/kastelaadventures.com\/index.php?rest_route=\/wp\/v2\/pages\/349\/revisions\/452"}],"wp:attachment":[{"href":"https:\/\/kastelaadventures.com\/index.php?rest_route=%2Fwp%2Fv2%2Fmedia&parent=349"}],"curies":[{"name":"wp","href":"https:\/\/api.w.org\/{rel}","templated":true}]}}