{"id":275,"date":"2025-04-17T10:07:33","date_gmt":"2025-04-17T10:07:33","guid":{"rendered":"https:\/\/kastelaadventures.com\/?page_id=275"},"modified":"2026-04-12T20:59:26","modified_gmt":"2026-04-12T20:59:26","slug":"kayak-tour","status":"publish","type":"page","link":"https:\/\/kastelaadventures.com\/?page_id=275","title":{"rendered":"Pantana Rika Tour and Attractions"},"content":{"rendered":"\n<div class=\"wp-block-uagb-image uagb-block-4906f6c8 wp-block-uagb-image--layout-default wp-block-uagb-image--effect-static wp-block-uagb-image--align-none\"><figure class=\"wp-block-uagb-image__figure\"><img loading=\"lazy\" decoding=\"async\" srcset=\"https:\/\/kastelaadventures.com\/wp-content\/uploads\/2025\/07\/IMG_0579-1024x583.jpg ,https:\/\/kastelaadventures.com\/wp-content\/uploads\/2025\/07\/IMG_0579.jpg 780w, https:\/\/kastelaadventures.com\/wp-content\/uploads\/2025\/07\/IMG_0579.jpg 360w\" sizes=\"auto, (max-width: 480px) 150px\" src=\"https:\/\/kastelaadventures.com\/wp-content\/uploads\/2025\/07\/IMG_0579-1024x583.jpg\" alt=\"\" class=\"uag-image-352\" width=\"1024\" height=\"583\" title=\"kastela adventures paddle sup\" loading=\"lazy\" role=\"img\"\/><\/figure><\/div>\n\n\n\n<h3 class=\"wp-block-heading\">\ud83c\udf0a Pantana River Kayak and SUP Tour<\/h3>\n\n\n\n<p><strong>Explore the peaceful waters of the Pantana River near Trogir with our guided SUP and kayak tour.<\/strong> Paddle through lush nature, spot local wildlife, and enjoy the tranquil atmosphere of this unique coastal ecosystem. Ideal for families, couples, and nature lovers!<\/p>\n\n\n\n<div class=\"wp-block-uagb-image uagb-block-bdc8485d wp-block-uagb-image--layout-default wp-block-uagb-image--effect-static wp-block-uagb-image--align-none\"><figure class=\"wp-block-uagb-image__figure\"><img loading=\"lazy\" decoding=\"async\" srcset=\"https:\/\/kastelaadventures.com\/wp-content\/uploads\/2025\/04\/IMG_6062-1024x576.webp ,https:\/\/kastelaadventures.com\/wp-content\/uploads\/2025\/04\/IMG_6062.webp 780w, https:\/\/kastelaadventures.com\/wp-content\/uploads\/2025\/04\/IMG_6062.webp 360w\" sizes=\"auto, (max-width: 480px) 150px\" src=\"https:\/\/kastelaadventures.com\/wp-content\/uploads\/2025\/04\/IMG_6062-1024x576.webp\" alt=\"\" class=\"uag-image-54\" width=\"1024\" height=\"576\" title=\"Pantana Tour Ka\u0161tela Adventures\" loading=\"lazy\" role=\"img\"\/><\/figure><\/div>\n\n\n\n<h4 class=\"wp-block-heading\">\ud83d\udef6 Tour Includes:<\/h4>\n\n\n\n<ul class=\"wp-block-list\">\n<li>High-quality inflatable kayak and SUP boards<\/li>\n\n\n\n<li>Friendly local guide<\/li>\n\n\n\n<li>Introduction &amp; paddling instructions<\/li>\n\n\n\n<li>Paddle through freshwater springs, scenic riverbanks, and hidden corners<\/li>\n\n\n\n<li>Swimming<\/li>\n<\/ul>\n\n\n\n<h4 class=\"wp-block-heading\">\ud83d\udd50 <strong><strong>Tour Times available:<\/strong><\/strong><\/h4>\n\n\n\n<p>Mon-Fri 17:00 &#8211; 21:00 <\/p>\n\n\n\n<p>Sat-Sun 07:00 &#8211; 21:00<\/p>\n\n\n\n<h5 class=\"wp-block-heading\">\ud83d\udd52 Duration:<\/h5>\n\n\n\n<p>Approx. 2-3 hours<\/p>\n\n\n\n<h4 class=\"wp-block-heading\">\ud83d\udcb6 Price:<\/h4>\n\n\n\n<ul class=\"wp-block-list\">\n<li><strong>45 \u20ac per person<\/strong><\/li>\n\n\n\n<li><strong>Group of 4+: 35 \u20ac per person<\/strong><\/li>\n\n\n\n<li>min one person max 7 people<\/li>\n<\/ul>\n\n\n\n<div class=\"wp-block-uagb-image uagb-block-528b21fa wp-block-uagb-image--layout-default wp-block-uagb-image--effect-static wp-block-uagb-image--align-none\"><figure class=\"wp-block-uagb-image__figure\"><img loading=\"lazy\" decoding=\"async\" srcset=\"https:\/\/kastelaadventures.com\/wp-content\/uploads\/2025\/07\/IMG_0803-1024x768.jpg ,https:\/\/kastelaadventures.com\/wp-content\/uploads\/2025\/07\/IMG_0803-scaled.jpg 780w, https:\/\/kastelaadventures.com\/wp-content\/uploads\/2025\/07\/IMG_0803-scaled.jpg 360w\" sizes=\"auto, (max-width: 480px) 150px\" src=\"https:\/\/kastelaadventures.com\/wp-content\/uploads\/2025\/07\/IMG_0803-1024x768.jpg\" alt=\"a kayak on a river\" class=\"uag-image-351\" width=\"1024\" height=\"768\" title=\"pantana river tour sup board\" loading=\"lazy\" role=\"img\"\/><\/figure><\/div>\n\n\n\n<h4 class=\"wp-block-heading\">\ud83d\udea3 Optional Extras:<\/h4>\n\n\n\n<ul class=\"wp-block-list\">\n<li>GoPro footage package: Free<\/li>\n\n\n\n<li>Best icecream in town : Free<\/li>\n<\/ul>\n\n\n\n<p><strong>Meeting Point:<\/strong> Pantana Lagoon, near Trogir, or pickup at accomodation, villa, apartment, hotel&#8230;<br><\/p>\n\n\n\n<p><a href=\"https:\/\/kastelaadventures.com\/?page_id=24\" data-type=\"link\" data-id=\"https:\/\/kastelaadventures.com\/?page_id=24\">\ud83d\udc49 Book now and experience the peaceful charm of Pantana from the water!<\/a><\/p>\n\n\n<div style=\"margin: 30px 0 30px;\"><a target=\"_blank\" href=\"https:\/\/api.whatsapp.com\/send?phone=+385976478934\" class=\"wa__button wa__r_button wa__button_text_only wa__stt_online wa__btn_w_icon\" style=\"background-color: #2DB742; color: #fff\" rel=\"noopener\"><div class=\"wa__btn_icon\"><img decoding=\"async\" src=\"https:\/\/kastelaadventures.com\/wp-content\/plugins\/wp-whatsapp\/assets\/img\/whatsapp_logo.svg\" alt=\"img\"\/><\/div><div class=\"wa__btn_txt\"><div class=\"wa__btn_title\">Contact here<\/div><\/div><\/a><\/div>\n\n\n<h3 class=\"wp-block-heading\">\ud83c\udf05 <strong>Sunset SUP Tour \u2013 Castles of Ka\u0161tela<\/strong><\/h3>\n\n\n\n<div class=\"wp-block-uagb-image uagb-block-d6e59f73 wp-block-uagb-image--layout-default wp-block-uagb-image--effect-static wp-block-uagb-image--align-none\"><figure class=\"wp-block-uagb-image__figure\"><img loading=\"lazy\" decoding=\"async\" srcset=\"https:\/\/kastelaadventures.com\/wp-content\/uploads\/2025\/07\/IMG_0747-609x1024.jpg ,https:\/\/kastelaadventures.com\/wp-content\/uploads\/2025\/07\/IMG_0747.jpg 780w, https:\/\/kastelaadventures.com\/wp-content\/uploads\/2025\/07\/IMG_0747.jpg 360w\" sizes=\"auto, (max-width: 480px) 150px\" src=\"https:\/\/kastelaadventures.com\/wp-content\/uploads\/2025\/07\/IMG_0747-609x1024.jpg\" alt=\"surfboard rental in kastela\" class=\"uag-image-360\" width=\"473\" height=\"1024\" title=\"sup board ka\u0161tela sunset\" loading=\"lazy\" role=\"img\"\/><\/figure><\/div>\n\n\n\n<p><strong>Discover the magical coastline of Ka\u0161tela from the sea at golden hour.<\/strong> Paddle your sup past ancient stone castles, charming harbors, and quiet coves \u2013 all while soaking in the stunning Dalmatian sunset.<\/p>\n\n\n\n<h4 class=\"wp-block-heading\">\ud83d\udef6 Tour Includes:<\/h4>\n\n\n\n<ul class=\"wp-block-list\">\n<li>Sup board, one side or two side paddle<\/li>\n\n\n\n<li>Local guide<\/li>\n\n\n\n<li>Easy, relaxing paddle route along the coast<\/li>\n\n\n\n<li>Breathtaking views of 7 Ka\u0161telas from the sea<\/li>\n\n\n\n<li>Stop for swimming and photos<\/li>\n\n\n\n<li>Refreshment drink included<\/li>\n<\/ul>\n\n\n\n<h4 class=\"wp-block-heading\">\ud83d\udd50 <strong><strong>Tour Times available:<\/strong><\/strong><\/h4>\n\n\n\n<p>Mon-Fri 17:00 &#8211; 21:00 <\/p>\n\n\n\n<p>Sat-Sun 07:00 &#8211; 21:00<\/p>\n\n\n\n<p>\ud83d\udd52 Duration:<\/p>\n\n\n\n<p>Approx. 2-3 hours<br><\/p>\n\n\n\n<h4 class=\"wp-block-heading\">\ud83d\udcb6 Price:<\/h4>\n\n\n\n<ul class=\"wp-block-list\">\n<li><strong>45 \u20ac per person<\/strong><\/li>\n\n\n\n<li><strong>Group of 4+: 35 \u20ac per person<\/strong><\/li>\n<\/ul>\n\n\n\n<div class=\"wp-block-uagb-image uagb-block-7c9bb070 wp-block-uagb-image--layout-default wp-block-uagb-image--effect-static wp-block-uagb-image--align-none\"><figure class=\"wp-block-uagb-image__figure\"><img loading=\"lazy\" decoding=\"async\" srcset=\"https:\/\/kastelaadventures.com\/wp-content\/uploads\/2025\/07\/IMG_0835-816x1024.jpg ,https:\/\/kastelaadventures.com\/wp-content\/uploads\/2025\/07\/IMG_0835.jpg 780w, https:\/\/kastelaadventures.com\/wp-content\/uploads\/2025\/07\/IMG_0835.jpg 360w\" sizes=\"auto, (max-width: 480px) 150px\" src=\"https:\/\/kastelaadventures.com\/wp-content\/uploads\/2025\/07\/IMG_0835-816x1024.jpg\" alt=\"kastela fort\" class=\"uag-image-361\" width=\"673\" height=\"1024\" title=\"kastela attractions forts and castles\" loading=\"lazy\" role=\"img\"\/><\/figure><\/div>\n\n\n\n<h4 class=\"wp-block-heading\">\u2728 Optional Extras:<\/h4>\n\n\n\n<ul class=\"wp-block-list\">\n<li>GoPro video\/photos: Free<\/li>\n\n\n\n<li>Local wine tasting after the tour: <strong>+20 \u20ac<\/strong> pp<\/li>\n<\/ul>\n\n\n\n<p><strong>Meeting Point:<\/strong> Ka\u0161tel Luk\u0161i\u0107 or pickup at accomodation, villa, apartment, hotel&#8230;<\/p>\n\n\n<div style=\"margin: 30px 0 30px;\"><a target=\"_blank\" href=\"https:\/\/api.whatsapp.com\/send?phone=+385976478934\" class=\"wa__button wa__r_button wa__button_text_only wa__stt_online wa__btn_w_icon\" style=\"background-color: #2DB742; color: #fff\" rel=\"noopener\"><div class=\"wa__btn_icon\"><img decoding=\"async\" src=\"https:\/\/kastelaadventures.com\/wp-content\/plugins\/wp-whatsapp\/assets\/img\/whatsapp_logo.svg\" alt=\"img\"\/><\/div><div class=\"wa__btn_txt\"><div class=\"wa__btn_title\">Contact here<\/div><\/div><\/a><\/div>\n\n\n<p><\/p>\n\n\n\n<p><strong>A unique blend of nature, history, and unforgettable sunset views.<\/strong><br><a href=\"https:\/\/kastelaadventures.com\/?page_id=24\">\ud83d\udc49 <em>Limited spots \u2013 book your kayak now and glide into golden hour!<\/em><\/a><\/p>\n\n\n\n<p><\/p>\n","protected":false},"excerpt":{"rendered":"<p>\ud83c\udf0a Pantana River Kayak and SUP Tour Explore the peaceful waters of the Pantana River near Trogir with our guided SUP and kayak tour. Paddle through lush nature, spot local wildlife, and enjoy the tranquil atmosphere of this unique coastal ecosystem. Ideal for families, couples, and nature lovers! \ud83d\udef6 Tour Includes: \ud83d\udd50 Tour Times available: [&hellip;]<\/p>\n","protected":false},"author":1,"featured_media":0,"parent":0,"menu_order":0,"comment_status":"closed","ping_status":"closed","template":"","meta":{"_uag_custom_page_level_css":"","_themeisle_gutenberg_block_has_review":false,"footnotes":""},"class_list":["post-275","page","type-page","status-publish","hentry"],"aioseo_notices":[],"uagb_featured_image_src":{"full":false,"thumbnail":false,"medium":false,"medium_large":false,"large":false,"1536x1536":false,"2048x2048":false,"woocommerce_thumbnail":false,"woocommerce_single":false,"woocommerce_gallery_thumbnail":false},"uagb_author_info":{"display_name":"majic.vibes@gmail.com","author_link":"https:\/\/kastelaadventures.com\/author\/majic-vibesgmail-com"},"uagb_comment_info":0,"uagb_excerpt":"\ud83c\udf0a Pantana River Kayak and SUP Tour Explore the peaceful waters of the Pantana River near Trogir with our guided SUP and kayak tour. Paddle through lush nature, spot local wildlife, and enjoy the tranquil atmosphere of this unique coastal ecosystem. Ideal for families, couples, and nature lovers! \ud83d\udef6 Tour Includes: \ud83d\udd50 Tour Times available:&hellip;","_links":{"self":[{"href":"https:\/\/kastelaadventures.com\/index.php?rest_route=\/wp\/v2\/pages\/275","targetHints":{"allow":["GET"]}}],"collection":[{"href":"https:\/\/kastelaadventures.com\/index.php?rest_route=\/wp\/v2\/pages"}],"about":[{"href":"https:\/\/kastelaadventures.com\/index.php?rest_route=\/wp\/v2\/types\/page"}],"author":[{"embeddable":true,"href":"https:\/\/kastelaadventures.com\/index.php?rest_route=\/wp\/v2\/users\/1"}],"replies":[{"embeddable":true,"href":"https:\/\/kastelaadventures.com\/index.php?rest_route=%2Fwp%2Fv2%2Fcomments&post=275"}],"version-history":[{"count":9,"href":"https:\/\/kastelaadventures.com\/index.php?rest_route=\/wp\/v2\/pages\/275\/revisions"}],"predecessor-version":[{"id":451,"href":"https:\/\/kastelaadventures.com\/index.php?rest_route=\/wp\/v2\/pages\/275\/revisions\/451"}],"wp:attachment":[{"href":"https:\/\/kastelaadventures.com\/index.php?rest_route=%2Fwp%2Fv2%2Fmedia&parent=275"}],"curies":[{"name":"wp","href":"https:\/\/api.w.org\/{rel}","templated":true}]}}